est common factor of 2403 and t.
89
Let p(w) = -w**2 - w + 276. Let m be p(0). Let g be (-2)/(-3) + m/(-9). Let d be (-3 - -5)/((-1)/g). What is the highest common divisor of d and 24?
12
Let d(a) = 9*a**2 - 5*a - 2. Let p be d(2). Calculate the highest common factor of 136 and p.
8
Suppose -j = -134 + 43. Let q be (1/3)/(14/966). Suppose -3*n + 62 = q. What is the greatest common divisor of j and n?
13
Suppose 255 = l + 5*x, x + 159 = -5*l + 1554. What is the highest common divisor of 35 and l?
35
Let t = -705 - -1079. Calculate the highest common divisor of t and 22.
22
Let b be 9/(144/(-20)) + 75/12. Calculate the greatest common factor of b and 145.
5
Let h be (-447 + -7)*(-3)/2. Let u be h/6 - ((-5)/2 - -2). What is the greatest common factor of 38 and u?
38
Let n(d) = 107*d**2 + 5*d - 3. Let i be n(-1). Suppose 2*r - 8 - 10 = 0. Calculate the highest common factor of i and r.
9
Let w be 6/4 - (11/(-2) - -4). Calculate the highest common divisor of 12 and w.
3
Let h(z) be the third derivative of 3*z**4/8 - z**3/3 + 2*z**2. Let j be h(3). Calculate the highest common divisor of 200 and j.
25
Let o = -287 + 333. What is the greatest common factor of 2 and o?
2
Let l be 34*(-3)/12*-2. Let g = -14 + l. Suppose 4*y + 2 - 14 = 4*x, y + 5 = g*x. Calculate the highest common factor of 7 and y.
7
Let n(l) = -4*l**2 - 1. Let m be n(3). Let s = -16 - m. Calculate the highest common factor of 7 and s.
7
Let h(g) = -807*g - 6425. Let x be h(-8). Let v = 39 - 8. What is the greatest common factor of x and v?
31
Suppose 4*d = -3 + 11. Suppose 3*m + 3*x = m + 75, x - 73 = -d*m. Suppose 0*i = -i + m. Calculate the greatest common factor of 4 and i.
4
Suppose p - 28*p + 10950 = 46*p. Suppose -a = -4*c + 97, -2*c = 3*c - 2*a - 119. Calculate the highest common divisor of c and p.
25
Suppose 0 = 3*x + 204 - 588. Let h be ((-64)/10)/((-2)/10). Calculate the highest common factor of x and h.
32
Suppose 0 = -r + 4*o + 70 + 548, -2*r + 1275 = 5*o. Calculate the greatest common factor of r and 378.
126
Let x(g) be the first derivative of -g**4/4 - 6*g**3 - 11*g**2 + 14*g + 12. Let f be x(-17). Calculate the highest common divisor of 11 and f.
11
Suppose 13*z - 246 = -175 + 319. Let o = -32 + 52. Calculate the greatest common divisor of z and o.
10
Let c be (-30)/(-42) - 2/(-7). Let n = c - -9. Let x = -290 - -380. What is the highest common divisor of x and n?
10
Suppose 0 = 1298*b - 1312*b + 392. Calculate the greatest common factor of 2268 and b.
28
Let g(a) = a**3 - 7*a**2 - 2*a + 3. Let t(q) = q**2 - 1. Let w(u) = -g(u) - 5*t(u). Let l be w(-3). What is the highest common divisor of 82 and l?
41
Let y(i) = 5*i + 9. Let l be y(6). Suppose 375 - l = 4*c. What is the greatest common factor of c and 56?
28
Suppose -6 = -y - 0. Let m = y - 3. Suppose -m*l - k = -38, 0*l + 2*l - 30 = -3*k. What is the highest common divisor of l and 24?
12
Let i = 35 - 14. What is the greatest common factor of i and 42?
21
Let x(y) = 13*y**2 - 94*y + 94. Let k be x(1). What is the highest common factor of k and 1157?
13
Let j(y) = -y**2 - 6*y + 4. Let r be j(-8). Let o(d) = d**2 + 7*d - 17. Let v be o(r). Suppose -12 - v = -u. Calculate the greatest common factor of u and 11.
11
Let u = -8 - -16. Suppose -7*k = -u - 69. What is the highest common factor of 44 and k?
11
Let y be 5*(-2 - -3) + -3. Suppose 0 = -u + 2, -3 - 25 = -y*t - 3*u. Calculate the greatest common divisor of 11 and t.
11
Let u be 2/(-7) - (-30)/7. Let n(i) be the third derivative of i**4/4 - i**3/2 - 16*i**2. Let f be n(u). Calculate the greatest common divisor of 14 and f.
7
Let k be (1926/3)/2 + -4 + 5. Let u be 2/3 - -1*k/3. What is the greatest common divisor of 12 and u?
12
Let o(z) = -z**3 + 8*z**2 + z - 17. Let f be o(8). Let m = f - -38. Calculate the highest common factor of 232 and m.
29
Let q = 63 + 265. What is the greatest common factor of 24 and q?
8
Suppose 4*u - 765 = -u + v, 0 = 3*v. Suppose -16*q = 76 - 348. Calculate the highest common factor of u and q.
17
Let r(s) = -28*s + 2. Suppose 4*p + 6 = -2*p. Let c be r(p). What is the greatest common divisor of 6 and c?
6
Let u = 13 + -10. Let b be -87*(-4 + (-4 - -13)/u). Suppose -4*t + 265 = 33. What is the highest common divisor of t and b?
29
Suppose 32*z - 30*z - 10 = 0. What is the greatest common factor of 5 and z?
5
Suppose -4*i - 72 = 348. Let p = i + 173. What is the greatest common factor of 34 and p?
34
Suppose -229 = 15*o - 709. Calculate the highest common factor of o and 232.
8
Let p be (2 - 76)*12/(-24). Calculate the greatest common factor of 407 and p.
37
Let z(x) = 11*x - x**3 - 77*x**2 + 68*x**2 + 13 + 3. Let m be z(-10). Suppose 11*u = m*u + 225. What is the greatest common divisor of u and 9?
9
Suppose -7*j + 58 = 2. Suppose 63 = 5*n - 4*c, 70 = 5*n + c - j. Calculate the highest common divisor of 5 and n.
5
Suppose 24 = q + 3*q. Suppose -24 = -q*g + 2*g. Let r be 42/9 + (-4)/g. What is the highest common divisor of r and 40?
4
Suppose -9 = -c + 4*n, 3*c + 5*n - 123 + 45 = 0. Let b = -35 + 119. What is the greatest common factor of c and b?
21
Let c = -16 + 30. Let f = 6 - c. Let g be f*(-3 - 13 - -2). What is the highest common factor of g and 28?
28
Suppose 0 = l + 4, -c - 5*l = -4*c + 44. Suppose 5*g = 0, 4*f - 4*g = 2*f + 24. Suppose -c*s + f*s = 76. What is the greatest common divisor of 171 and s?
19
Suppose 5*g - 27 = 13. Let y be ((-2688)/280)/((-4)/30). What is the greatest common factor of y and g?
8
Let j be (8/3)/(3/54). Let x = 2180 + -2156. What is the greatest common factor of j and x?
24
Let u(y) = 2*y**3 + 2*y**2 - 2*y - 3. Let b be u(-2). Let q = b - -28. Let v = q - 15. Calculate the greatest common divisor of v and 6.
6
Let c(n) = -2*n**3 - 19*n**2 + 19*n - 40. Let h be c(-13). What is the greatest common factor of h and 4?
4
Let n(v) be the first derivative of -v**3 + 5*v**2/2 + 9*v + 6. Let p be n(-6). Let b be 2/(8/12) - p. What is the greatest common divisor of 12 and b?
12
Let l be 12/72 - (-11)/6. Suppose 0 = l*o - 88 - 86. Calculate the highest common divisor of 29 and o.
29
Let s = -93 + 96. Suppose n + n = 0. Suppose 4*m + 0*w + s*w - 1144 = 0, 3*m + 2*w - 858 = n. Calculate the greatest common divisor of m and 26.
26
Let w = -30 + 32. Let s be (w - 2 - (-13 - 4)) + -3. Calculate the greatest common divisor of 112 and s.
14
Let s be 76/14 - 28/(-49). What is the greatest common factor of s and 8?
2
Suppose -2*n = 14*s - 10*s - 4232, 0 = 4*n - 8. What is the highest common divisor of 7 and s?
7
Let z(w) = w**2 - 2*w - 23. Let g be z(8). Suppose 5*n = 2*c - 68, -4*c - 2*n + g = -3*c. What is the highest common factor of 145 and c?
29
Suppose 2*l + 2*g = 5*g - 5, 4*g - 4 = 0. Let a be -2 - (-1)/(l/(-92)). What is the greatest common factor of a and 10?
10
Let i(m) = m**3 - 9*m**2 - 5*m - 7. Let l be i(10). Calculate the highest common divisor of 1 and l.
1
Let w be (1 + (1 - -1))*-1. Suppose -141 = -4*i - 21. Let q = i + w. What is the highest common factor of 18 and q?
9
Suppose -58 - 272 = -3*d. Let j be 17/15 - (-16)/(-120). Let w be (j - 0)/((-7)/(-154)). Calculate the greatest common factor of w and d.
22
Suppose 5*x = 4*b - 1160, -3*b + 1467 = 2*b - 2*x. Let p = 265 + -262. Suppose 3*c - 20 = -c, -p*c = 4*d - b. Calculate the highest common factor of d and 10.
10
Suppose -4*k + 8 = 0, -556 = -5*x - 5*k + 2*k. Suppose 0 = t + 2*p - 48, -2 = p - 4. Calculate the highest common factor of t and x.
22
Let a(x) = x + 40. Let p be a(15). Let s = p - 17. What is the highest common factor of s and 342?
38
Let j(g) = 14*g**2 + 104*g + 11. Let m be j(-8). Calculate the greatest common divisor of m and 9.
3
Let j = -1046 + 1451. Calculate the greatest common divisor of j and 324.
81
Let b = 4890 - 4846. Let r be 12 + (4/(-2) - -1). Calculate the highest common factor of b and r.
11
Let s be -3*5/45*3 + 30. Calculate the highest common divisor of s and 29.
29
Suppose 13*g = -10*g + 2346. Let u be 33/2 + (-1)/(-2). What is the greatest common factor of u and g?
17
Let m(s) be the third derivative of s**4/24 + 3*s**3 - s**2. Suppose 0 = 4*d, -u - 20 = u - 3*d. Let i be m(u). Calculate the highest common factor of 24 and i.
8
Let w be (-1)/(-3)*(3 - 0). What is the greatest common factor of w and 5?
1
Let y 